{"id":12406,"date":"2022-10-21T09:49:16","date_gmt":"2022-10-21T09:49:16","guid":{"rendered":"https:\/\/islandapadvanced.ulpgc.es\/?post_type=pec-events&#038;p=12406"},"modified":"2022-11-02T09:55:41","modified_gmt":"2022-11-02T09:55:41","slug":"economia-circular-liberando-su-potencial-para-combatir-el-cambio-climatico-y-la-perdida-de-biodiversidad","status":"publish","type":"pec-events","link":"https:\/\/islandapadvanced.ulpgc.es\/pt\/pec-events\/economia-circular-liberando-su-potencial-para-combatir-el-cambio-climatico-y-la-perdida-de-biodiversidad\/","title":{"rendered":"Economia Circular, desbloqueando seu potencial para combater as mudan\u00e7as clim\u00e1ticas e a perda de biodiversidade"},"content":{"rendered":"<p>Data: 12 de novembro de 2022<br \/>\nLugar: Egito<br \/>\nBreve descri\u00e7\u00e3o: Uma cultura circular inclusiva oferece solu\u00e7\u00f5es sist\u00eamicas para um futuro mais sustent\u00e1vel. Essa cultura pode permitir a mudan\u00e7a necess\u00e1ria para pensar e trabalhar em meio \u00e0s mudan\u00e7as clim\u00e1ticas e aos silos de biodiversidade. Este evento paralelo organizado pelos membros do Grupo de Coordena\u00e7\u00e3o da Plataforma Europeia de Partes Interessadas da Economia Circular convidar\u00e1 os decisores pol\u00edticos e partes interessadas da sociedade civil circular a discutir como uma economia circular inclusiva pode reduzir o desperd\u00edcio e proporcionar impactos positivos.<br \/>\nLink: https:\/\/app.swapcard.com\/event\/eu-side-events-cop27\/planning\/UGxhbm5pbmdfMTA1MjUyNA?_cldee=G4UKHsnKxpRGQAhRgLZiw8XLU7HlpGc6H8kLIuusaNbpL1HW22e5Sp39tBqnEOCq&amp;recipientid=contact-0441dd3bb5f3ec118122005056a043ea-fec72e64e9514d79b2472ef8b2d23ff6&amp;esid=ddb26b83-d555-ed11-8123-005056a043ea<\/p>","protected":false},"author":9,"featured_media":12407,"comment_status":"closed","ping_status":"closed","template":"","tags":[],"pec_events_category":[167],"acf":[],"pec_date":"2022-11-12 00:00:00","pec_venue_map_lnlat":"","pec_featured_image":"https:\/\/islandapadvanced.ulpgc.es\/wp-content\/uploads\/2022\/11\/EUside-1024x395.jpg","pec_id_calendar":"2","pec_featured_event":"","pec_all_day":"","pec_tbc":"","pec_daily_working_days":"","pec_daily_every":"1","pec_weekly_every":"1","pec_weekly_day":"","pec_monthly_every":"1","pec_monthly_position":"","pec_monthly_day":"","pec_exceptions":"","pec_extra_dates":"","pec_end_date":"","pec_link":"","pec_age_range":"","pec_map":"","pec_end_time_hh":"","pec_end_time_mm":"","pec_hide_time":"1","pec_organizer":"","pec_phone":"","pec_recurring_frecuency":"0","pec_location":"","yoast_head":"<!-- This site is optimized with the Yoast SEO plugin v21.9.1 - https:\/\/yoast.com\/wordpress\/plugins\/seo\/ -->\n<title>Economia Circular, desbloqueando seu potencial para combater as mudan\u00e7as clim\u00e1ticas e a perda de biodiversidade - Islandap Advanced<\/title>\n<meta name=\"robots\" content=\"index, follow, max-snippet:-1, max-image-preview:large, max-video-preview:-1\" \/>\n<link rel=\"canonical\" href=\"https:\/\/islandapadvanced.ulpgc.es\/pt\/pec-events\/economia-circular-liberando-su-potencial-para-combatir-el-cambio-climatico-y-la-perdida-de-biodiversidad\/\" \/>\n<meta property=\"og:locale\" content=\"pt_PT\" \/>\n<meta property=\"og:type\" content=\"article\" \/>\n<meta property=\"og:title\" content=\"Economia Circular, desbloqueando seu potencial para combater as mudan\u00e7as clim\u00e1ticas e a perda de biodiversidade - Islandap Advanced\" \/>\n<meta property=\"og:description\" content=\"Data: 12 de novembro de 2022 Lugar: Egito Breve descri\u00e7\u00e3o: Uma cultura circular inclusiva oferece solu\u00e7\u00f5es sist\u00eamicas para um futuro [&hellip;]\" \/>\n<meta property=\"og:url\" content=\"https:\/\/islandapadvanced.ulpgc.es\/pec-events\/economia-circular-liberando-su-potencial-para-combatir-el-cambio-climatico-y-la-perdida-de-biodiversidad\/\" \/>\n<meta property=\"og:site_name\" content=\"Islandap Advanced\" \/>\n<meta property=\"article:modified_time\" content=\"2022-11-02T09:55:41+00:00\" \/>\n<meta property=\"og:image\" content=\"https:\/\/islandapadvanced.ulpgc.es\/wp-content\/uploads\/2022\/11\/EUside.jpg\" \/>\n\t<meta property=\"og:image:width\" content=\"1074\" \/>\n\t<meta property=\"og:image:height\" content=\"414\" \/>\n\t<meta property=\"og:image:type\" content=\"image\/jpeg\" \/>\n<meta name=\"twitter:card\" content=\"summary_large_image\" \/>\n<meta name=\"twitter:label1\" content=\"Tempo estimado de leitura\" \/>\n\t<meta name=\"twitter:data1\" content=\"1 minuto\" \/>\n<script type=\"application\/ld+json\" class=\"yoast-schema-graph\">{\"@context\":\"https:\/\/schema.org\",\"@graph\":[{\"@type\":\"WebPage\",\"@id\":\"https:\/\/islandapadvanced.ulpgc.es\/pec-events\/economia-circular-liberando-su-potencial-para-combatir-el-cambio-climatico-y-la-perdida-de-biodiversidad\/\",\"url\":\"https:\/\/islandapadvanced.ulpgc.es\/pec-events\/economia-circular-liberando-su-potencial-para-combatir-el-cambio-climatico-y-la-perdida-de-biodiversidad\/\",\"name\":\"Economia Circular, desbloqueando seu potencial para combater as mudan\u00e7as clim\u00e1ticas e a perda de biodiversidade - Islandap Advanced\",\"isPartOf\":{\"@id\":\"https:\/\/islandapadvanced.ulpgc.es\/#website\"},\"datePublished\":\"2022-10-21T09:49:16+00:00\",\"dateModified\":\"2022-11-02T09:55:41+00:00\",\"breadcrumb\":{\"@id\":\"https:\/\/islandapadvanced.ulpgc.es\/pec-events\/economia-circular-liberando-su-potencial-para-combatir-el-cambio-climatico-y-la-perdida-de-biodiversidad\/#breadcrumb\"},\"inLanguage\":\"pt-PT\",\"potentialAction\":[{\"@type\":\"ReadAction\",\"target\":[\"https:\/\/islandapadvanced.ulpgc.es\/pec-events\/economia-circular-liberando-su-potencial-para-combatir-el-cambio-climatico-y-la-perdida-de-biodiversidad\/\"]}]},{\"@type\":\"BreadcrumbList\",\"@id\":\"https:\/\/islandapadvanced.ulpgc.es\/pec-events\/economia-circular-liberando-su-potencial-para-combatir-el-cambio-climatico-y-la-perdida-de-biodiversidad\/#breadcrumb\",\"itemListElement\":[{\"@type\":\"ListItem\",\"position\":1,\"name\":\"Portada\",\"item\":\"https:\/\/islandapadvanced.ulpgc.es\/\"},{\"@type\":\"ListItem\",\"position\":2,\"name\":\"Pro Event Calendar\",\"item\":\"https:\/\/islandapadvanced.ulpgc.es\/pec-events\/\"},{\"@type\":\"ListItem\",\"position\":3,\"name\":\"Econom\u00eda circular, liberando su potencial para combatir el cambio clim\u00e1tico y la p\u00e9rdida de biodiversidad\"}]},{\"@type\":\"WebSite\",\"@id\":\"https:\/\/islandapadvanced.ulpgc.es\/#website\",\"url\":\"https:\/\/islandapadvanced.ulpgc.es\/\",\"name\":\"Islandap Advanced\",\"description\":\"R+D+i Towards Aquaponic Development in the Up Islands and the Circular Economy\",\"publisher\":{\"@id\":\"https:\/\/islandapadvanced.ulpgc.es\/#organization\"},\"potentialAction\":[{\"@type\":\"SearchAction\",\"target\":{\"@type\":\"EntryPoint\",\"urlTemplate\":\"https:\/\/islandapadvanced.ulpgc.es\/?s={search_term_string}\"},\"query-input\":\"required name=search_term_string\"}],\"inLanguage\":\"pt-PT\"},{\"@type\":\"Organization\",\"@id\":\"https:\/\/islandapadvanced.ulpgc.es\/#organization\",\"name\":\"Proyecto Islandap Advanced de la Universidad de Las Palmas de Gran Canaria\",\"url\":\"https:\/\/islandapadvanced.ulpgc.es\/\",\"logo\":{\"@type\":\"ImageObject\",\"inLanguage\":\"pt-PT\",\"@id\":\"https:\/\/islandapadvanced.ulpgc.es\/#\/schema\/logo\/image\/\",\"url\":\"https:\/\/islandapadvanced.ulpgc.es\/wp-content\/uploads\/2021\/07\/logo_islandap_advanced.svg\",\"contentUrl\":\"https:\/\/islandapadvanced.ulpgc.es\/wp-content\/uploads\/2021\/07\/logo_islandap_advanced.svg\",\"width\":1,\"height\":1,\"caption\":\"Proyecto Islandap Advanced de la Universidad de Las Palmas de Gran Canaria\"},\"image\":{\"@id\":\"https:\/\/islandapadvanced.ulpgc.es\/#\/schema\/logo\/image\/\"}}]}<\/script>\n<!-- \/ Yoast SEO plugin. -->","yoast_head_json":{"title":"Economia Circular, desbloqueando seu potencial para combater as mudan\u00e7as clim\u00e1ticas e a perda de biodiversidade - Islandap Advanced","robots":{"index":"index","follow":"follow","max-snippet":"max-snippet:-1","max-image-preview":"max-image-preview:large","max-video-preview":"max-video-preview:-1"},"canonical":"https:\/\/islandapadvanced.ulpgc.es\/pt\/pec-events\/economia-circular-liberando-su-potencial-para-combatir-el-cambio-climatico-y-la-perdida-de-biodiversidad\/","og_locale":"pt_PT","og_type":"article","og_title":"Economia Circular, desbloqueando seu potencial para combater as mudan\u00e7as clim\u00e1ticas e a perda de biodiversidade - Islandap Advanced","og_description":"Data: 12 de novembro de 2022 Lugar: Egito Breve descri\u00e7\u00e3o: Uma cultura circular inclusiva oferece solu\u00e7\u00f5es sist\u00eamicas para um futuro [&hellip;]","og_url":"https:\/\/islandapadvanced.ulpgc.es\/pec-events\/economia-circular-liberando-su-potencial-para-combatir-el-cambio-climatico-y-la-perdida-de-biodiversidad\/","og_site_name":"Islandap Advanced","article_modified_time":"2022-11-02T09:55:41+00:00","og_image":[{"width":1074,"height":414,"url":"https:\/\/islandapadvanced.ulpgc.es\/wp-content\/uploads\/2022\/11\/EUside.jpg","type":"image\/jpeg"}],"twitter_card":"summary_large_image","twitter_misc":{"Tempo estimado de leitura":"1 minuto"},"schema":{"@context":"https:\/\/schema.org","@graph":[{"@type":"WebPage","@id":"https:\/\/islandapadvanced.ulpgc.es\/pec-events\/economia-circular-liberando-su-potencial-para-combatir-el-cambio-climatico-y-la-perdida-de-biodiversidad\/","url":"https:\/\/islandapadvanced.ulpgc.es\/pec-events\/economia-circular-liberando-su-potencial-para-combatir-el-cambio-climatico-y-la-perdida-de-biodiversidad\/","name":"Economia Circular, desbloqueando seu potencial para combater as mudan\u00e7as clim\u00e1ticas e a perda de biodiversidade - Islandap Advanced","isPartOf":{"@id":"https:\/\/islandapadvanced.ulpgc.es\/#website"},"datePublished":"2022-10-21T09:49:16+00:00","dateModified":"2022-11-02T09:55:41+00:00","breadcrumb":{"@id":"https:\/\/islandapadvanced.ulpgc.es\/pec-events\/economia-circular-liberando-su-potencial-para-combatir-el-cambio-climatico-y-la-perdida-de-biodiversidad\/#breadcrumb"},"inLanguage":"pt-PT","potentialAction":[{"@type":"ReadAction","target":["https:\/\/islandapadvanced.ulpgc.es\/pec-events\/economia-circular-liberando-su-potencial-para-combatir-el-cambio-climatico-y-la-perdida-de-biodiversidad\/"]}]},{"@type":"BreadcrumbList","@id":"https:\/\/islandapadvanced.ulpgc.es\/pec-events\/economia-circular-liberando-su-potencial-para-combatir-el-cambio-climatico-y-la-perdida-de-biodiversidad\/#breadcrumb","itemListElement":[{"@type":"ListItem","position":1,"name":"Portada","item":"https:\/\/islandapadvanced.ulpgc.es\/"},{"@type":"ListItem","position":2,"name":"Pro Event Calendar","item":"https:\/\/islandapadvanced.ulpgc.es\/pec-events\/"},{"@type":"ListItem","position":3,"name":"Econom\u00eda circular, liberando su potencial para combatir el cambio clim\u00e1tico y la p\u00e9rdida de biodiversidad"}]},{"@type":"WebSite","@id":"https:\/\/islandapadvanced.ulpgc.es\/#website","url":"https:\/\/islandapadvanced.ulpgc.es\/","name":"Islandap Advanced","description":"R+D+i Towards Aquaponic Development in the Up Islands and the Circular Economy","publisher":{"@id":"https:\/\/islandapadvanced.ulpgc.es\/#organization"},"potentialAction":[{"@type":"SearchAction","target":{"@type":"EntryPoint","urlTemplate":"https:\/\/islandapadvanced.ulpgc.es\/?s={search_term_string}"},"query-input":"required name=search_term_string"}],"inLanguage":"pt-PT"},{"@type":"Organization","@id":"https:\/\/islandapadvanced.ulpgc.es\/#organization","name":"Proyecto Islandap Advanced de la Universidad de Las Palmas de Gran Canaria","url":"https:\/\/islandapadvanced.ulpgc.es\/","logo":{"@type":"ImageObject","inLanguage":"pt-PT","@id":"https:\/\/islandapadvanced.ulpgc.es\/#\/schema\/logo\/image\/","url":"https:\/\/islandapadvanced.ulpgc.es\/wp-content\/uploads\/2021\/07\/logo_islandap_advanced.svg","contentUrl":"https:\/\/islandapadvanced.ulpgc.es\/wp-content\/uploads\/2021\/07\/logo_islandap_advanced.svg","width":1,"height":1,"caption":"Proyecto Islandap Advanced de la Universidad de Las Palmas de Gran Canaria"},"image":{"@id":"https:\/\/islandapadvanced.ulpgc.es\/#\/schema\/logo\/image\/"}}]}},"_links":{"self":[{"href":"https:\/\/islandapadvanced.ulpgc.es\/pt\/wp-json\/wp\/v2\/pec-events\/12406"}],"collection":[{"href":"https:\/\/islandapadvanced.ulpgc.es\/pt\/wp-json\/wp\/v2\/pec-events"}],"about":[{"href":"https:\/\/islandapadvanced.ulpgc.es\/pt\/wp-json\/wp\/v2\/types\/pec-events"}],"author":[{"embeddable":true,"href":"https:\/\/islandapadvanced.ulpgc.es\/pt\/wp-json\/wp\/v2\/users\/9"}],"replies":[{"embeddable":true,"href":"https:\/\/islandapadvanced.ulpgc.es\/pt\/wp-json\/wp\/v2\/comments?post=12406"}],"wp:featuredmedia":[{"embeddable":true,"href":"https:\/\/islandapadvanced.ulpgc.es\/pt\/wp-json\/wp\/v2\/media\/12407"}],"wp:attachment":[{"href":"https:\/\/islandapadvanced.ulpgc.es\/pt\/wp-json\/wp\/v2\/media?parent=12406"}],"wp:term":[{"taxonomy":"post_tag","embeddable":true,"href":"https:\/\/islandapadvanced.ulpgc.es\/pt\/wp-json\/wp\/v2\/tags?post=12406"},{"taxonomy":"pec_events_category","embeddable":true,"href":"https:\/\/islandapadvanced.ulpgc.es\/pt\/wp-json\/wp\/v2\/pec_events_category?post=12406"}],"curies":[{"name":"wp","href":"https:\/\/api.w.org\/{rel}","templated":true}]}}

Economia Circular, desbloqueando seu potencial para combater as mudanças climáticas e a perda de biodiversidade

<p>Data: 12 de novembro de 2022<br />
Lugar: Egito<br />
Breve descrição: Uma cultura circular inclusiva oferece soluções sistêmicas para um futuro mais sustentável. Essa cultura pode permitir a mudança necessária para pensar e trabalhar em meio às mudanças climáticas e aos silos de biodiversidade. Este evento paralelo organizado pelos membros do Grupo de Coordenação da Plataforma Europeia de Partes Interessadas da Economia Circular convidará os decisores políticos e partes interessadas da sociedade civil circular a discutir como uma economia circular inclusiva pode reduzir o desperdício e proporcionar impactos positivos.<br />
Link: https://app.swapcard.com/event/eu-side-events-cop27/planning/UGxhbm5pbmdfMTA1MjUyNA?_cldee=G4UKHsnKxpRGQAhRgLZiw8XLU7HlpGc6H8kLIuusaNbpL1HW22e5Sp39tBqnEOCq&amp;recipientid=contact-0441dd3bb5f3ec118122005056a043ea-fec72e64e9514d79b2472ef8b2d23ff6&amp;esid=ddb26b83-d555-ed11-8123-005056a043ea</p>

<!-- This site is optimized with the Yoast SEO plugin v21.9.1 - https://yoast.com/wordpress/plugins/seo/ -->
<title>Economia Circular, desbloqueando seu potencial para combater as mudanças climáticas e a perda de biodiversidade - Islandap Advanced</title>
<meta name="robots" content="index, follow, max-snippet:-1, max-image-preview:large, max-video-preview:-1" />
<link rel="canonical" href="https://islandapadvanced.ulpgc.es/pt/pec-events/economia-circular-liberando-su-potencial-para-combatir-el-cambio-climatico-y-la-perdida-de-biodiversidad/" />
<meta property="og:locale" content="pt_PT" />
<meta property="og:type" content="article" />
<meta property="og:title" content="Economia Circular, desbloqueando seu potencial para combater as mudanças climáticas e a perda de biodiversidade - Islandap Advanced" />
<meta property="og:description" content="Data: 12 de novembro de 2022 Lugar: Egito Breve descrição: Uma cultura circular inclusiva oferece soluções sistêmicas para um futuro [&hellip;]" />
<meta property="og:url" content="https://islandapadvanced.ulpgc.es/pec-events/economia-circular-liberando-su-potencial-para-combatir-el-cambio-climatico-y-la-perdida-de-biodiversidad/" />
<meta property="og:site_name" content="Islandap Advanced" />
<meta property="article:modified_time" content="2022-11-02T09:55:41+00:00" />
<meta property="og:image" content="https://islandapadvanced.ulpgc.es/wp-content/uploads/2022/11/EUside.jpg" />
	<meta property="og:image:width" content="1074" />
	<meta property="og:image:height" content="414" />
	<meta property="og:image:type" content="image/jpeg" />
<meta name="twitter:card" content="summary_large_image" />
<meta name="twitter:label1" content="Tempo estimado de leitura" />
	<meta name="twitter:data1" content="1 minuto" />
<script type="application/ld+json" class="yoast-schema-graph">{"@context":"https://schema.org","@graph":[{"@type":"WebPage","@id":"https://islandapadvanced.ulpgc.es/pec-events/economia-circular-liberando-su-potencial-para-combatir-el-cambio-climatico-y-la-perdida-de-biodiversidad/","url":"https://islandapadvanced.ulpgc.es/pec-events/economia-circular-liberando-su-potencial-para-combatir-el-cambio-climatico-y-la-perdida-de-biodiversidad/","name":"Economia Circular, desbloqueando seu potencial para combater as mudanças climáticas e a perda de biodiversidade - Islandap Advanced","isPartOf":{"@id":"https://islandapadvanced.ulpgc.es/#website"},"datePublished":"2022-10-21T09:49:16+00:00","dateModified":"2022-11-02T09:55:41+00:00","breadcrumb":{"@id":"https://islandapadvanced.ulpgc.es/pec-events/economia-circular-liberando-su-potencial-para-combatir-el-cambio-climatico-y-la-perdida-de-biodiversidad/#breadcrumb"},"inLanguage":"pt-PT","potentialAction":[{"@type":"ReadAction","target":["https://islandapadvanced.ulpgc.es/pec-events/economia-circular-liberando-su-potencial-para-combatir-el-cambio-climatico-y-la-perdida-de-biodiversidad/"]}]},{"@type":"BreadcrumbList","@id":"https://islandapadvanced.ulpgc.es/pec-events/economia-circular-liberando-su-potencial-para-combatir-el-cambio-climatico-y-la-perdida-de-biodiversidad/#breadcrumb","itemListElement":[{"@type":"ListItem","position":1,"name":"Portada","item":"https://islandapadvanced.ulpgc.es/"},{"@type":"ListItem","position":2,"name":"Pro Event Calendar","item":"https://islandapadvanced.ulpgc.es/pec-events/"},{"@type":"ListItem","position":3,"name":"Economía circular, liberando su potencial para combatir el cambio climático y la pérdida de biodiversidad"}]},{"@type":"WebSite","@id":"https://islandapadvanced.ulpgc.es/#website","url":"https://islandapadvanced.ulpgc.es/","name":"Islandap Advanced","description":"R+D+i Towards Aquaponic Development in the Up Islands and the Circular Economy","publisher":{"@id":"https://islandapadvanced.ulpgc.es/#organization"},"potentialAction":[{"@type":"SearchAction","target":{"@type":"EntryPoint","urlTemplate":"https://islandapadvanced.ulpgc.es/?s={search_term_string}"},"query-input":"required name=search_term_string"}],"inLanguage":"pt-PT"},{"@type":"Organization","@id":"https://islandapadvanced.ulpgc.es/#organization","name":"Proyecto Islandap Advanced de la Universidad de Las Palmas de Gran Canaria","url":"https://islandapadvanced.ulpgc.es/","logo":{"@type":"ImageObject","inLanguage":"pt-PT","@id":"https://islandapadvanced.ulpgc.es/#/schema/logo/image/","url":"https://islandapadvanced.ulpgc.es/wp-content/uploads/2021/07/logo_islandap_advanced.svg","contentUrl":"https://islandapadvanced.ulpgc.es/wp-content/uploads/2021/07/logo_islandap_advanced.svg","width":1,"height":1,"caption":"Proyecto Islandap Advanced de la Universidad de Las Palmas de Gran Canaria"},"image":{"@id":"https://islandapadvanced.ulpgc.es/#/schema/logo/image/"}}]}</script>
<!-- / Yoast SEO plugin. -->

Economia Circular, desbloqueando seu potencial para combater as mudanças climáticas e a perda de biodiversidade - Islandap Advanced

Data: 12 de novembro de 2022 Lugar: Egito Breve descrição: Uma cultura circular inclusiva oferece soluções sistêmicas para um futuro [&hellip;]

Economía circular, liberando su potencial para combatir el cambio climático y la pérdida de biodiversidad
