{"id":11110,"date":"2021-09-06T11:42:19","date_gmt":"2021-09-06T11:42:19","guid":{"rendered":"https:\/\/islandapadvanced.ulpgc.es\/?post_type=pec-events&#038;p=11110"},"modified":"2021-10-07T16:59:32","modified_gmt":"2021-10-07T16:59:32","slug":"circular-week","status":"publish","type":"pec-events","link":"https:\/\/islandapadvanced.ulpgc.es\/pt\/pec-events\/circular-week\/","title":{"rendered":"CIRCULAR WEEK"},"content":{"rendered":"<p>Data:<strong> 11 a 17 de outubro de 2021<br \/>\n<\/strong>Local:<strong> plataforma virtual<br \/>\n<\/strong><\/p>\n<p>Breve descri\u00e7\u00e3o: A Circular Week \u00e9 uma campanha internacional que consiste num conjunto de eventos e iniciativas dedicadas ao tema da economia circular e do desenvolvimento sustent\u00e1vel que decorrem em toda a Europa. O objetivo da Semana Circular \u00e9 promover a ideia de uma economia circular, apoiar modelos de neg\u00f3cio sustent\u00e1veis \u200b\u200be estabelecer a coopera\u00e7\u00e3o entre as partes interessadas.<\/p>\n<p>Link: <a href=\"https:\/\/circularweek.org\/en\/\" target=\"_blank\" rel=\"noopener\">https:\/\/circularweek.org\/en\/<\/a><\/p>","protected":false},"author":2,"featured_media":0,"comment_status":"closed","ping_status":"closed","template":"","tags":[],"pec_events_category":[167],"acf":[],"pec_date":"2021-10-11 00:00:00","pec_venue_map_lnlat":"","pec_featured_image":"","pec_id_calendar":"2","pec_featured_event":"","pec_all_day":"","pec_tbc":"","pec_daily_working_days":"","pec_daily_every":"6","pec_weekly_every":"1","pec_weekly_day":"","pec_monthly_every":"1","pec_monthly_position":"","pec_monthly_day":"","pec_exceptions":"","pec_extra_dates":"2021-10-12,2021-10-13,2021-10-14,2021-10-15,2021-10-16,2021-10-17","pec_end_date":"2021-10-17","pec_link":"","pec_age_range":"","pec_map":"","pec_end_time_hh":"","pec_end_time_mm":"","pec_hide_time":"1","pec_organizer":"","pec_phone":"","pec_recurring_frecuency":"0","pec_location":"","yoast_head":"<!-- This site is optimized with the Yoast SEO plugin v21.9.1 - https:\/\/yoast.com\/wordpress\/plugins\/seo\/ -->\n<title>CIRCULAR WEEK - Islandap Advanced<\/title>\n<meta name=\"robots\" content=\"index, follow, max-snippet:-1, max-image-preview:large, max-video-preview:-1\" \/>\n<link rel=\"canonical\" href=\"https:\/\/islandapadvanced.ulpgc.es\/pt\/pec-events\/circular-week\/\" \/>\n<meta property=\"og:locale\" content=\"pt_PT\" \/>\n<meta property=\"og:type\" content=\"article\" \/>\n<meta property=\"og:title\" content=\"CIRCULAR WEEK - Islandap Advanced\" \/>\n<meta property=\"og:description\" content=\"Data: 11 a 17 de outubro de 2021 Local: plataforma virtual Breve descri\u00e7\u00e3o: A Circular Week \u00e9 uma campanha internacional [&hellip;]\" \/>\n<meta property=\"og:url\" content=\"https:\/\/islandapadvanced.ulpgc.es\/en\/pec-events\/circular-week\/\" \/>\n<meta property=\"og:site_name\" content=\"Islandap Advanced\" \/>\n<meta property=\"article:modified_time\" content=\"2021-10-07T16:59:32+00:00\" \/>\n<meta name=\"twitter:card\" content=\"summary_large_image\" \/>\n<meta name=\"twitter:label1\" content=\"Tempo estimado de leitura\" \/>\n\t<meta name=\"twitter:data1\" content=\"1 minuto\" \/>\n<script type=\"application\/ld+json\" class=\"yoast-schema-graph\">{\"@context\":\"https:\/\/schema.org\",\"@graph\":[{\"@type\":\"WebPage\",\"@id\":\"https:\/\/islandapadvanced.ulpgc.es\/en\/pec-events\/circular-week\/\",\"url\":\"https:\/\/islandapadvanced.ulpgc.es\/en\/pec-events\/circular-week\/\",\"name\":\"CIRCULAR WEEK - Islandap Advanced\",\"isPartOf\":{\"@id\":\"https:\/\/islandapadvanced.ulpgc.es\/#website\"},\"datePublished\":\"2021-09-06T11:42:19+00:00\",\"dateModified\":\"2021-10-07T16:59:32+00:00\",\"breadcrumb\":{\"@id\":\"https:\/\/islandapadvanced.ulpgc.es\/en\/pec-events\/circular-week\/#breadcrumb\"},\"inLanguage\":\"pt-PT\",\"potentialAction\":[{\"@type\":\"ReadAction\",\"target\":[\"https:\/\/islandapadvanced.ulpgc.es\/en\/pec-events\/circular-week\/\"]}]},{\"@type\":\"BreadcrumbList\",\"@id\":\"https:\/\/islandapadvanced.ulpgc.es\/en\/pec-events\/circular-week\/#breadcrumb\",\"itemListElement\":[{\"@type\":\"ListItem\",\"position\":1,\"name\":\"Portada\",\"item\":\"https:\/\/islandapadvanced.ulpgc.es\/\"},{\"@type\":\"ListItem\",\"position\":2,\"name\":\"Pro Event Calendar\",\"item\":\"https:\/\/islandapadvanced.ulpgc.es\/pec-events\/\"},{\"@type\":\"ListItem\",\"position\":3,\"name\":\"CIRCULAR WEEK\"}]},{\"@type\":\"WebSite\",\"@id\":\"https:\/\/islandapadvanced.ulpgc.es\/#website\",\"url\":\"https:\/\/islandapadvanced.ulpgc.es\/\",\"name\":\"Islandap Advanced\",\"description\":\"R+D+i Towards Aquaponic Development in the Up Islands and the Circular Economy\",\"publisher\":{\"@id\":\"https:\/\/islandapadvanced.ulpgc.es\/#organization\"},\"potentialAction\":[{\"@type\":\"SearchAction\",\"target\":{\"@type\":\"EntryPoint\",\"urlTemplate\":\"https:\/\/islandapadvanced.ulpgc.es\/?s={search_term_string}\"},\"query-input\":\"required name=search_term_string\"}],\"inLanguage\":\"pt-PT\"},{\"@type\":\"Organization\",\"@id\":\"https:\/\/islandapadvanced.ulpgc.es\/#organization\",\"name\":\"Proyecto Islandap Advanced de la Universidad de Las Palmas de Gran Canaria\",\"url\":\"https:\/\/islandapadvanced.ulpgc.es\/\",\"logo\":{\"@type\":\"ImageObject\",\"inLanguage\":\"pt-PT\",\"@id\":\"https:\/\/islandapadvanced.ulpgc.es\/#\/schema\/logo\/image\/\",\"url\":\"https:\/\/islandapadvanced.ulpgc.es\/wp-content\/uploads\/2021\/07\/logo_islandap_advanced.svg\",\"contentUrl\":\"https:\/\/islandapadvanced.ulpgc.es\/wp-content\/uploads\/2021\/07\/logo_islandap_advanced.svg\",\"width\":1,\"height\":1,\"caption\":\"Proyecto Islandap Advanced de la Universidad de Las Palmas de Gran Canaria\"},\"image\":{\"@id\":\"https:\/\/islandapadvanced.ulpgc.es\/#\/schema\/logo\/image\/\"}}]}<\/script>\n<!-- \/ Yoast SEO plugin. -->","yoast_head_json":{"title":"CIRCULAR WEEK - Islandap Advanced","robots":{"index":"index","follow":"follow","max-snippet":"max-snippet:-1","max-image-preview":"max-image-preview:large","max-video-preview":"max-video-preview:-1"},"canonical":"https:\/\/islandapadvanced.ulpgc.es\/pt\/pec-events\/circular-week\/","og_locale":"pt_PT","og_type":"article","og_title":"CIRCULAR WEEK - Islandap Advanced","og_description":"Data: 11 a 17 de outubro de 2021 Local: plataforma virtual Breve descri\u00e7\u00e3o: A Circular Week \u00e9 uma campanha internacional [&hellip;]","og_url":"https:\/\/islandapadvanced.ulpgc.es\/en\/pec-events\/circular-week\/","og_site_name":"Islandap Advanced","article_modified_time":"2021-10-07T16:59:32+00:00","twitter_card":"summary_large_image","twitter_misc":{"Tempo estimado de leitura":"1 minuto"},"schema":{"@context":"https:\/\/schema.org","@graph":[{"@type":"WebPage","@id":"https:\/\/islandapadvanced.ulpgc.es\/en\/pec-events\/circular-week\/","url":"https:\/\/islandapadvanced.ulpgc.es\/en\/pec-events\/circular-week\/","name":"CIRCULAR WEEK - Islandap Advanced","isPartOf":{"@id":"https:\/\/islandapadvanced.ulpgc.es\/#website"},"datePublished":"2021-09-06T11:42:19+00:00","dateModified":"2021-10-07T16:59:32+00:00","breadcrumb":{"@id":"https:\/\/islandapadvanced.ulpgc.es\/en\/pec-events\/circular-week\/#breadcrumb"},"inLanguage":"pt-PT","potentialAction":[{"@type":"ReadAction","target":["https:\/\/islandapadvanced.ulpgc.es\/en\/pec-events\/circular-week\/"]}]},{"@type":"BreadcrumbList","@id":"https:\/\/islandapadvanced.ulpgc.es\/en\/pec-events\/circular-week\/#breadcrumb","itemListElement":[{"@type":"ListItem","position":1,"name":"Portada","item":"https:\/\/islandapadvanced.ulpgc.es\/"},{"@type":"ListItem","position":2,"name":"Pro Event Calendar","item":"https:\/\/islandapadvanced.ulpgc.es\/pec-events\/"},{"@type":"ListItem","position":3,"name":"CIRCULAR WEEK"}]},{"@type":"WebSite","@id":"https:\/\/islandapadvanced.ulpgc.es\/#website","url":"https:\/\/islandapadvanced.ulpgc.es\/","name":"Islandap Advanced","description":"R+D+i Towards Aquaponic Development in the Up Islands and the Circular Economy","publisher":{"@id":"https:\/\/islandapadvanced.ulpgc.es\/#organization"},"potentialAction":[{"@type":"SearchAction","target":{"@type":"EntryPoint","urlTemplate":"https:\/\/islandapadvanced.ulpgc.es\/?s={search_term_string}"},"query-input":"required name=search_term_string"}],"inLanguage":"pt-PT"},{"@type":"Organization","@id":"https:\/\/islandapadvanced.ulpgc.es\/#organization","name":"Proyecto Islandap Advanced de la Universidad de Las Palmas de Gran Canaria","url":"https:\/\/islandapadvanced.ulpgc.es\/","logo":{"@type":"ImageObject","inLanguage":"pt-PT","@id":"https:\/\/islandapadvanced.ulpgc.es\/#\/schema\/logo\/image\/","url":"https:\/\/islandapadvanced.ulpgc.es\/wp-content\/uploads\/2021\/07\/logo_islandap_advanced.svg","contentUrl":"https:\/\/islandapadvanced.ulpgc.es\/wp-content\/uploads\/2021\/07\/logo_islandap_advanced.svg","width":1,"height":1,"caption":"Proyecto Islandap Advanced de la Universidad de Las Palmas de Gran Canaria"},"image":{"@id":"https:\/\/islandapadvanced.ulpgc.es\/#\/schema\/logo\/image\/"}}]}},"_links":{"self":[{"href":"https:\/\/islandapadvanced.ulpgc.es\/pt\/wp-json\/wp\/v2\/pec-events\/11110"}],"collection":[{"href":"https:\/\/islandapadvanced.ulpgc.es\/pt\/wp-json\/wp\/v2\/pec-events"}],"about":[{"href":"https:\/\/islandapadvanced.ulpgc.es\/pt\/wp-json\/wp\/v2\/types\/pec-events"}],"author":[{"embeddable":true,"href":"https:\/\/islandapadvanced.ulpgc.es\/pt\/wp-json\/wp\/v2\/users\/2"}],"replies":[{"embeddable":true,"href":"https:\/\/islandapadvanced.ulpgc.es\/pt\/wp-json\/wp\/v2\/comments?post=11110"}],"wp:attachment":[{"href":"https:\/\/islandapadvanced.ulpgc.es\/pt\/wp-json\/wp\/v2\/media?parent=11110"}],"wp:term":[{"taxonomy":"post_tag","embeddable":true,"href":"https:\/\/islandapadvanced.ulpgc.es\/pt\/wp-json\/wp\/v2\/tags?post=11110"},{"taxonomy":"pec_events_category","embeddable":true,"href":"https:\/\/islandapadvanced.ulpgc.es\/pt\/wp-json\/wp\/v2\/pec_events_category?post=11110"}],"curies":[{"name":"wp","href":"https:\/\/api.w.org\/{rel}","templated":true}]}}

<p>Data:<strong> 11 a 17 de outubro de 2021<br />
</strong>Local:<strong> plataforma virtual<br />
</strong></p>
<p>Breve descrição: A Circular Week é uma campanha internacional que consiste num conjunto de eventos e iniciativas dedicadas ao tema da economia circular e do desenvolvimento sustentável que decorrem em toda a Europa. O objetivo da Semana Circular é promover a ideia de uma economia circular, apoiar modelos de negócio sustentáveis ​​e estabelecer a cooperação entre as partes interessadas.</p>
<p>Link: <a href="https://circularweek.org/en/" target="_blank" rel="noopener">https://circularweek.org/en/</a></p>

<!-- This site is optimized with the Yoast SEO plugin v21.9.1 - https://yoast.com/wordpress/plugins/seo/ -->
<title>CIRCULAR WEEK - Islandap Advanced</title>
<meta name="robots" content="index, follow, max-snippet:-1, max-image-preview:large, max-video-preview:-1" />
<link rel="canonical" href="https://islandapadvanced.ulpgc.es/pt/pec-events/circular-week/" />
<meta property="og:locale" content="pt_PT" />
<meta property="og:type" content="article" />
<meta property="og:title" content="CIRCULAR WEEK - Islandap Advanced" />
<meta property="og:description" content="Data: 11 a 17 de outubro de 2021 Local: plataforma virtual Breve descrição: A Circular Week é uma campanha internacional [&hellip;]" />
<meta property="og:url" content="https://islandapadvanced.ulpgc.es/en/pec-events/circular-week/" />
<meta property="og:site_name" content="Islandap Advanced" />
<meta property="article:modified_time" content="2021-10-07T16:59:32+00:00" />
<meta name="twitter:card" content="summary_large_image" />
<meta name="twitter:label1" content="Tempo estimado de leitura" />
	<meta name="twitter:data1" content="1 minuto" />
<script type="application/ld+json" class="yoast-schema-graph">{"@context":"https://schema.org","@graph":[{"@type":"WebPage","@id":"https://islandapadvanced.ulpgc.es/en/pec-events/circular-week/","url":"https://islandapadvanced.ulpgc.es/en/pec-events/circular-week/","name":"CIRCULAR WEEK - Islandap Advanced","isPartOf":{"@id":"https://islandapadvanced.ulpgc.es/#website"},"datePublished":"2021-09-06T11:42:19+00:00","dateModified":"2021-10-07T16:59:32+00:00","breadcrumb":{"@id":"https://islandapadvanced.ulpgc.es/en/pec-events/circular-week/#breadcrumb"},"inLanguage":"pt-PT","potentialAction":[{"@type":"ReadAction","target":["https://islandapadvanced.ulpgc.es/en/pec-events/circular-week/"]}]},{"@type":"BreadcrumbList","@id":"https://islandapadvanced.ulpgc.es/en/pec-events/circular-week/#breadcrumb","itemListElement":[{"@type":"ListItem","position":1,"name":"Portada","item":"https://islandapadvanced.ulpgc.es/"},{"@type":"ListItem","position":2,"name":"Pro Event Calendar","item":"https://islandapadvanced.ulpgc.es/pec-events/"},{"@type":"ListItem","position":3,"name":"CIRCULAR WEEK"}]},{"@type":"WebSite","@id":"https://islandapadvanced.ulpgc.es/#website","url":"https://islandapadvanced.ulpgc.es/","name":"Islandap Advanced","description":"R+D+i Towards Aquaponic Development in the Up Islands and the Circular Economy","publisher":{"@id":"https://islandapadvanced.ulpgc.es/#organization"},"potentialAction":[{"@type":"SearchAction","target":{"@type":"EntryPoint","urlTemplate":"https://islandapadvanced.ulpgc.es/?s={search_term_string}"},"query-input":"required name=search_term_string"}],"inLanguage":"pt-PT"},{"@type":"Organization","@id":"https://islandapadvanced.ulpgc.es/#organization","name":"Proyecto Islandap Advanced de la Universidad de Las Palmas de Gran Canaria","url":"https://islandapadvanced.ulpgc.es/","logo":{"@type":"ImageObject","inLanguage":"pt-PT","@id":"https://islandapadvanced.ulpgc.es/#/schema/logo/image/","url":"https://islandapadvanced.ulpgc.es/wp-content/uploads/2021/07/logo_islandap_advanced.svg","contentUrl":"https://islandapadvanced.ulpgc.es/wp-content/uploads/2021/07/logo_islandap_advanced.svg","width":1,"height":1,"caption":"Proyecto Islandap Advanced de la Universidad de Las Palmas de Gran Canaria"},"image":{"@id":"https://islandapadvanced.ulpgc.es/#/schema/logo/image/"}}]}</script>
<!-- / Yoast SEO plugin. -->

Data: 11 a 17 de outubro de 2021 Local: plataforma virtual Breve descrição: A Circular Week é uma campanha internacional [&hellip;]
